. Calculate t(-21).
816
Let b(u) = u**2 + 57*u - 18537. Determine b(-165).
-717
Let f(m) = -13*m**3 - m**2 - 48*m - 82. What is f(-2)?
114
Let z(a) = 6*a**2 - 83*a + 215. Calculate z(22).
1293
Let g(q) = 2*q**3 - 125*q**2 + 99*q - 2338. Calculate g(62).
-44
Let b(w) = w**2 - 8296*w - 74743. What is b(-9)?
2
Let p(z) = -32*z**2 + 84*z + 497. Calculate p(12).
-3103
Let b(q) = -14609*q - 87526. Give b(-6).
128
Let b(d) = 329*d - 31174. What is b(95)?
81
Let d(w) = 124*w**3 - 3*w**2 - 42*w + 20. Give d(-4).
-7796
Let b(l) = -162142*l - 162109. Give b(-1).
33
Let o(p) = -p**3 + 9*p**2 + 949*p - 6729. Give o(7).
12
Let o(u) = 2*u**2 + 186*u + 466. Determine o(-90).
-74
Let r(a) = -8*a**3 - 63*a**2 - 47*a + 21. Give r(-7).
7
Let v(p) = 693*p**3 + p**2 - 11*p - 12. Calculate v(-1).
-693
Let w(p) = -99*p**2 + 24850*p - 919. Give w(251).
-668
Let f(t) = -541*t + 6350. What is f(12)?
-142
Let h(k) = 121137*k - 121174. Determine h(1).
-37
Let n(j) = 8074*j + 32306. Give n(-4).
10
Let j(g) = 1145*g + 525618. What is j(-459)?
63
Let g(u) = 2*u**2 + 123*u + 171. Determine g(-17).
-1342
Let u(d) = -10799*d - 77215. Determine u(-7).
-1622
Let u(m) = 8316*m + 806638. Give u(-97).
-14
Let w(h) = 2*h**3 - 85*h**2 + 244*h - 1394. What is w(40)?
366
Let n(d) = d**2 - 104*d - 5567. Calculate n(-38).
-171
Let q(l) = -42139*l + 32152055. What is q(763)?
-2
Let f(k) = -4*k**3 + 4075*k**2 + 375*k + 656243. Calculate f(1019).
7
Let q(g) = -12923*g - 103207. Calculate q(-8).
177
Let t(d) = d**3 + 10*d**2 + 41*d + 66. Calculate t(-3).
6
Let a(z) = 35112*z - 3862341. Determine a(110).
-21
Let a(x) = 5*x**2 + 1478*x - 11227. Calculate a(-303).
-16
Let p(t) = 288*t**2 - 66817*t + 234. Calculate p(232).
2
Let k(h) = -4160*h - 295435. Determine k(-71).
-75
Let d(b) = -3581*b - 42981. Calculate d(-11).
-3590
Let q(h) = -h**3 - 14*h**2 - 128*h - 625. Determine q(-7).
-72
Let x(n) = -n**3 - 56*n**2 - 561*n - 407. Determine x(-12).
-11
Let j(x) = -x**2 + 50*x + 3551. What is j(90)?
-49
Let r(j) = 25219*j + 16846303. Calculate r(-668).
11
Let u(z) = z**3 - 924*z**2 - 38577*z - 130. Calculate u(-40).
550
Let z(t) = -t**3 - 73*t**2 - 1130*t - 3787. Determine z(-53).
-77
Let y(h) = 8*h**2 + 86*h + 39. Give y(-14).
403
Let o(n) = 4*n**2 - 94971*n + 1044196. Give o(11).
-1
Let u(x) = -16*x**2 - 638*x + 63469. What is u(-86)?
1
Let u(m) = 2128375*m - 8513497. Calculate u(4).
3
Let x(o) = 18923*o + 151456. Determine x(-8).
72
Let n(q) = 8*q**2 + 7598*q - 45554. Calculate n(6).
322
Let j(x) = 899*x - 2576. What is j(3)?
121
Let n(y) = -91*y**3 + 893*y**2 + 158*y + 18. What is n(10)?
-102
Let w(l) = 4*l**3 + 2412*l**2 - 6954*l + 192699. What is w(-606)?
-9
Let a(d) = 3898*d - 54577. What is a(14)?
-5
Let g(p) = -4227*p + 1834518. Determine g(434).
0
Let j(p) = -p**2 - 138*p + 10178. Determine j(58).
-1190
Let y(a) = 5*a**3 - 24*a**2 - 51*a - 167. What is y(-4)?
-667
Let t(j) = -29*j**2 + 4388*j - 1372. Give t(151).
-13
Let y(z) = -93*z**2 + 412*z + 880. Calculate y(6).
4
Let b(s) = 1606*s - 435218. Give b(271).
8
Let u(j) = 13955*j + 125605. Determine u(-9).
10
Let h(x) = -2521*x + 83210. Give h(33).
17
Let j(w) = 39*w + 1403. Determine j(-35).
38
Let p(f) = f**3 + 738*f**2 - 4375*f + 66216. Calculate p(-744).
0
Let h(p) = -88*p**2 + 1285*p - 3496. Determine h(11).
-9
Let u(y) = -y**2 + 105*y + 1127. What is u(-11)?
-149
Let c(k) = -6*k**2 - 309*k + 7244. Determine c(-69).
-1
Let g(t) = t**2 + 208*t - 80961. What is g(-407)?
32
Let h(o) = 3059*o + 6090. Calculate h(-2).
-28
Let t(f) = 2163*f - 863030. Calculate t(399).
7
Let s(f) = f**3 - 19*f**2 + 2752*f - 58637. Determine s(21).
37
Let f(q) = -15*q**2 + 3210*q - 6448. Determine f(212).
-88
Let c(p) = 22*p**3 - 1650*p**2 - 557*p + 41734. Determine c(75).
-41
Let m(d) = -29113*d + 262044. Determine m(9).
27
Let l(k) = -k**2 + 583*k + 20154. Give l(-32).
474
Let i(n) = n**3 + 171*n**2 + 1907*n - 667. What is i(-159)?
-508
Let q(p) = 2*p**2 + 675*p + 32002. Calculate q(-57).
25
Let u(q) = q**2 - 46048*q - 3459232. Calculate u(-75).
-7
Let v(n) = 131*n - 19441. What is v(149)?
78
Let m(h) = -2*h**3 + 169*h**2 + 32*h + 4716. Determine m(85).
211
Let o(h) = -h**3 + 11*h**2 + 147*h + 341. Determine o(-6).
71
Let a(k) = 22681*k - 249717. What is a(11)?
-226
Let n(z) = -48*z**2 - 656*z + 30. Give n(-14).
-194
Let v(p) = -6*p**3 + 5*p**2 + p - 264. What is v(-8)?
3120
Let s(z) = -154058*z - 154079. Determine s(-1).
-21
Let u(z) = z**2 - 3462*z - 97727. Give u(-28).
-7
Let l(s) = 107262*s + 107267. Calculate l(-1).
5
Let t(d) = 21*d**2 + 1388*d + 1463. Calculate t(-65).
-32
Let g(h) = -14*h**2 + 4674*h + 23397. What is g(-5)?
-323
Let j(w) = -w**3 - 123*w**2 + 1022*w + 211. What is j(8)?
3
Let x(r) = 5*r**3 - 43*r**2 - 1762*r + 126. Calculate x(-15).
6
Let z(c) = 483*c - 403. Calculate z(-2).
-1369
Let w(m) = m**2 - 85327*m - 682681. Determine w(-8).
-1
Let y(l) = -l**3 + 47*l**2 + 93*l + 2819. What is y(50)?
-31
Let y(c) = 3*c**3 - 310*c**2 - 544*c + 34487. Calculate y(104).
-457
Let z(p) = -8*p**3 - 95*p**2 - 1064*p - 12848. Give z(-12).
64
Let x(v) = -29*v**2 - 659*v + 1957. Calculate x(3).
-281
Let y(h) = -10*h**3 + 19*h**2 + 272*h + 16. What is y(-5)?
381
Let i(z) = -2*z**2 + 816660*z - 4083292. What is i(5)?
-42
Let z(o) = 29*o**3 + 1796*o**2 - 189*o - 4069. Calculate z(-62).
-39
Let y(k) = 4*k**3 - 23*k**2 + 60*k + 265. What is y(8)?
1321
Let x(m) = m**3 + 27*m**2 - 512*m - 34. Calculate x(13).
70
Let q(v) = -v**2 - 70*v - 374. What is q(-69)?
-305
Let a(u) = -2*u**3 + 89*u**2 + 1170*u + 212. Give a(54).
7988
Let b(d) = -d**3 + 87*d**2 + d + 690. Calculate b(87).
777
Let r(f) = 60*f**2 + 2006*f + 54. What is r(-33)?
-804
Let j(z) = 1019*z + 14234. Calculate j(-14).
-32
Let b(x) = 252*x**3 - 85695*x**2 + 5096*x + 1360. Give b(340).
0
Let j(n) = 2*n**3 - 42*n**2 - 201*n + 52. Give j(25).
27
Let z(q) = 750*q + 16169. What is z(-25)?
-2581
Let s(a) = 185*a**2 - 253*a - 508. Give s(-2).
738
Let u(k) = 52*k**3 - 11182*k**2 + 436*k - 1263. Calculate u(215).
27
Let f(o) = 389*o**2 - 2214*o - 29. Determine f(6).
691
Let j(f) = f**3 - 113*f**2 - 19938*f - 26351. Calculate j(209).
-17
Let q(t) = t**3 - 111*t**2 + 108*t - 854. Determine q(110).
-1074
Let a(b) = -b**3 - 87*b**2 - 1464*b + 503. Determine a(-64).
-9
Let c(x) = -2*x**3 + 227*x**2 + 1068*x - 726. Determine c(118).
-18
Let j(m) = -134*m + 5257. What is j(39)?
31
Let o(c) = -c**3 + 72*c**2 + 3093*c - 220307. Determine o(73).
153
Let d(l) = -66412*l + 6309136. Give d(95).
-4
Let s(b) = -7*b**3 - 334*b**2 + 115*b + 493. Calculate s(-48).
-419
Let n(o) = 6448*o - 116060. What is n(18)?
4
Let s(n) = -5*n**3 + 558*n**2 + 791*n. Calculate s(113).
0
Let c(b) = -19*b**2 + 429*b + 179. Determine c(23).
-5
Let m(t) = 4*t**3 + 374*t**2 + 632*t + 7367. Give m(-92).
7
Let w(k) = 14435*k - 216531. Calculate w(15).
-6
Let m(s) = -2270*s - 304486. Determine m(-134).
-306
Let b(x) = -x**3 + 105*x**2 - 774*x - 4. Give b(8).
12
Let d(n) = -12*n**2 + 251*n + 296. Calculate d(22).
10
Let j(z) = -12*z**3 + 1063*z**2 + 1005*z - 59. Determine j(-1).
11
Let o(z) = z**3 - 124*z**2 + 133*z + 41627. Calculate o(120).
-13
Let x(s) = s**3 - s**2 + 1719*s - 82. What is x(0)?
-82
Let l(n) = 1221*n - 56276. Give l(47).
1111
Let l(k) = -k**3 + 129*k**2 - 4165*k + 468. Determine l(66).
6
Let n(h) = -8783*h - 316164. What is n(-36)?
24
Let h(v) = -13*v**3 - 1184*v**2 - 95*v - 451. What is h(-91)?
-87
Let g(y) = -904861*y - 35289576. What is g(-39)?
3
Let a(n) = -3630*n + 11116. Calculate a(3).
226
Let n(k) = -163*k - 2836. Determine n(-13).
-717
Let j(a) = 76*a**2 + 41*a + 84. Calculate j(-2).
306
Let y(m) = -2*m**3 - 422*m**2 + 3243. Determine y(0).
3243
Let k(y) = 2414*y - 1038018. Calculate k(430).
2
Let a(d) = -d**2 - 309*d - 7257. Give a(-25).
-157
Let t(i) = -36*i + 774. Give t(24).
-90
Let v(c) = 346*c + 85110. Give v(-246).
-6
Let s(j) = -5*j**3 - 163*j**2 + 238*j + 30. Give s(-34).
30
Let y(l) = 68*l**2 - 7403*l - 695. Determine y(109).
286
Let h(b) = b**3 - 3*b**2 - 47*b - 196. Calculate h(0).
-196
Let b(t) = 21875*t - 2712494. What is b(124)?
6
Let a(n) = 1450*n**2 - 29008*n + 154. Determine a(20).
-6
Let z(t) = 34*t**2 - 560*t - 22. Calculate z(4).
-1718
Let w(b) = -10324*b - 51714. Determine w(-5).
-94
Let q(k) = 